 6
-11510
What is -8575 (base 9) in base 4?
-1202201
Convert -2ca (base 14) to base 11.
-479
-23211 (base 5) to base 8
-3221
What is -1239 (base 14) in base 7?
-12202
651 (base 16) to base 11
1240
-222111110 (base 3) to base 13
-8a3c
What is -2113330 (base 4) in base 6?
-113004
Convert 1322 (base 8) to base 12.
502
Convert 11677 (base 8) to base 16.
13bf
What is 1106 (base 15) in base 11?
2789
Convert -15131 (base 6) to base 7.
-10042
Convert -144 (base 11) to base 16.
-a9
e29 (base 15) to base 10
3189
Convert 165 (base 13) to base 8.
374
Convert -376 (base 11) to base 6.
-2022
What is 13041 (base 8) in base 2?
1011000100001
7171 (base 12) to base 7
50635
Convert -4000 (base 5) to base 7.
-1313
What is 121110 (base 3) in base 2?
110111100
-1214 (base 6) to base 9
-361
Convert -9202 (base 10) to base 6.
-110334
-220211 (base 4) to base 12
-1605
-30046 (base 7) to base 14
-28cd
What is 112332 (base 4) in base 16?
5be
Convert -1ebe (base 15) to base 6.
-51012
488 (base 13) to base 6
3352
2210330 (base 4) to base 6
120512
What is 20001221 (base 3) in base 11?
3364
Convert 17360 (base 9) to base 4.
2322321
What is -4493 (base 11) in base 2?
-1011100010110
-1023220 (base 4) to base 11
-3700
What is -85c (base 13) in base 16?
-595
What is 2430 (base 5) in base 15?
195
What is -103220112 (base 4) in base 13?
-2a7a1
What is -6320 (base 7) in base 6?
-14135
-1310 (base 6) to base 14
-198
What is -20b1 (base 13) in base 16?
-11ba
Convert 16044 (base 7) to base 10.
4491
What is 617 (base 12) in base 10?
883
What is 1aa0 (base 15) in base 16?
168f
Convert 59ea (base 15) to base 7.
106513
Convert 4740 (base 8) to base 3.
10110122
-21b0 (base 13) to base 9
-6408
Convert 2222 (base 5) to base 12.
220
Convert -3616 (base 11) to base 4.
-1022000
-20012101 (base 4) to base 11
-22a14
-43d (base 16) to base 8
-2075
What is -10201 (base 4) in base 8?
-441
What is -1000022 (base 3) in base 13?
-449
What is -110000011010101 (base 2) in base 11?
-17696
-7930 (base 11) to base 8
-24307
62548 (base 9) to base 3
2002121122
2210200 (base 3) to base 11
1598
What is 2b0b (base 13) in base 4?
1201320
What is -2814 (base 16) in base 14?
-3a4c
Convert -7085 (base 12) to base 3.
-121201202
Convert -801 (base 9) to base 12.
-461
-3356 (base 9) to base 4
-212301
What is 5211 (base 6) in base 2?
10010000111
What is -143 (base 15) in base 4?
-10200
Convert -3a60 (base 14) to base 11.
-77a2
Convert 1122124 (base 5) to base 16.
4f41
What is 86 (base 10) in base 12?
72
What is -6e4 (base 15) in base 7?
-4363
Convert -10001110000101 (base 2) to base 4.
-2032011
What is 11165 (base 7) in base 3?
10220012
Convert -255 (base 14) to base 13.
-29c
233d (base 16) to base 13
414c
7fe1 (base 16) to base 4
13333201
Convert -66152 (base 7) to base 16.
-40a6
Convert -250454 (base 7) to base 8.
-131436
Convert -1524 (base 8) to base 5.
-11402
What is 23a (base 13) in base 10?
387
Convert 4175 (base 8) to base 2.
100001111101
30122 (base 6) to base 14
1614
What is 303030 (base 4) in base 6?
23100
Convert -a06 (base 13) to base 4.
-122200
Convert 11101010100 (base 2) to base 9.
2514
What is 492b (base 16) in base 7?
105416
Convert a739 (base 11) to base 7.
56253
Convert -8a5 (base 13) to base 16.
-5cf
-5611 (base 10) to base 8
-12753
What is -126266 (base 8) in base 12?
-21706
What is -504 (base 13) in base 6?
-3533
2c4 (base 15) to base 2
1001111010
Convert -1517 (base 9) to base 7.
-3232
Convert -5402 (base 6) to base 7.
-3401
What is 132115 (base 8) in base 14?
12b6d
What is -778 (base 15) in base 13?
-9cb
What is -3107 (base 8) in base 5?
-22412
Convert -502 (base 9) to base 3.
-120002
Convert 10974 (base 13) to base 2.
111010111100001
Convert 9243 (base 14) to base 13.
b5a5
Convert -15752 (base 8) to base 13.
-3339
Convert -732 (base 15) to base 4.
-121112
23624 (base 7) to base 10
6143
What is -154535 (base 6) in base 11?
-10570
Convert -52e3 (base 16) to base 6.
-242123
-54402 (base 6) to base 15
-2345
858 (base 11) to base 3
1102012
Convert 623 (base 15) to base 9.
1806
-98 (base 13) to base 8
-175
What is 281 (base 16) in base 5?
10031
What is -6524 (base 8) in base 6?
-23444
-2b6 (base 15) to base 9
-760
What is 9cfa (base 16) in base 2?
1001110011111010
Convert -1947d (base 14) to base 7.
-354416
-b76 (base 14) to base 5
-33020
What is -72432 (base 9) in base 14?
-1357c
What is 1575 (base 11) in base 5?
31033
What is -92 (base 15) in base 8?
-211
Convert 1000000010001010 (base 2) to base 10.
32906
Convert -11793 (base 12) to base 4.
-11300133
Convert 2423 (base 9) to base 15.
803
827 (base 13) to base 2
10101101001
Convert 423 (base 5) to base 8.
161
Convert 12c1 (base 15) to base 3.
12111101
Convert -250 (base 10) to base 8.
-372
What is -3244 (base 8) in base 15?
-785
Convert -3a1 (base 14) to base 8.
-1331
Convert 74a9 (base 12) to base 5.
402201
-65c (base 13) to base 6
-5015
What is 110c6 (base 13) in base 3?
1120102012
Convert -10000010000100101 (base 2) to base 11.
-46043
131024 (base 5) to base 4
1100103
Convert -10319 (base 11) to base 8.
-35260
-2ab9 (base 12) to base 14
-1b9b
What is -b524 (base 15) in base 6?
-453124
Convert 20489 (base 12) to base 2.
1010010010101001
-31174 (base 11) to base 16
-b190
-2423 (base 5) to base 2
-101101011
What is -11b49 (base 14) in base 7?
-240322
What is -20002222 (base 3) in base 15?
-14be
-6671 (base 13) to base 5
-424123
Convert 110 (base 16) to base 7.
536
What is 5142 (base 6) in base 7?
3221
Convert -17615 (base 11) to base 12.
-12364
What is 201211221 (base 3) in base 8?
34206
What is -32404 (base 5) in base 3?
-10001120
Convert -384 (base 14) to base 16.
-2c0
-33551 (base 8) to base 11
-a726
Convert 2201010 (base 3) to base 12.
1186
What is 1120 (base 3) in base 7?
60
Convert e7 (base 16) to base 11.
1a0
What is -473 (base 11) in base 3?
-202220
Convert -20a (base 13) to base 5.
-2343
Convert -1400a (base 13) to base 8.
-110757
-4803 (base 12) to base 13
-3897
What is 100165 (base 8) in base 11?
22786
What is 367 (base 9) in base 6?
1224
-31313 (base 6) to base 3
-12210100
What is -20211010 (base 4) in base 2?
-1000100101000100
What is 397 (base 11) in base 6?
2101
211212111 (base 3) to base 5
1013142
Convert 7776 (base 12) to base 7.
53316
What is -254 (base 7) in base 5?
-1022
-bc9 (base 16) to base 9
-4122
805 (base 9) to base 3
220012
What is 112201211 (base 3) in base 6?
121421
-12304 (base 5) to base 15
-439
What is -31285 (base 9) in base 2?
-101000010101011
What is -468 (base 11) in base 3?
-202200
Convert 2342 (base 8) to base 4.
103202
Convert 100010111101 (base 2) to base 12.
1365
Convert 2120211 (base 3) to base 6.
12421
Convert 13347 (base 8) to base 9.
8034
What is -213011 (base 4) in base 7?
-10202
What is -31110 (base 6) in base 4?
-1000302
Convert 10111001 (base 3) to base 4.
213223
Convert 1424 (base 9) to base 2.
10000110011
What is -20212 (base 4) in base 8?
-1046
Convert 2011010200 (base 3) to base 10.
42381
-12156 (base 12) to base 14
-8c70
Convert 1933 (base 11) to base 15.
adb
Convert -104734 (base 8) to base 6.
-431220
Convert -132 (base 13) to base 2.
-11010010
What is -187 (base 16) in base 2?
-110000111
Convert 4420 (base 5) to base 12.
42a
What is -201222 (base 3) in base 13?
-326
Convert -1052 (base 6) to base 2.
-11111000
What is 284f (base 16) in base 5?
312234
Convert -6568 (base 9) to base 6.
-34225
Convert -44353 (base 9) to base 10.
-29451
11783 (base 15) to base 2
1101100110010010
What is 350430 (base 7) in base 5?
4001033
What is 660 (base 15) in base 8?
2640
What is -101001100110110 (base 2) in base 10?
-21302
75 (base 16) to base 6
313
What is 24529 (base 11) in base 9?
53307
-2133331 (base 5) to base 4
-20331230
What is -523111 (base 6) in base 9?
-63747
42 (base 15) to base 12
52
-bcd (base 14) to base 13
-10aa
What is 120010101 (base 3) in base 15?
3401
100011101101 (base 2) to base 5
33120
Convert -50005 (base 7) to base 14.
-453c
-4b6a (base 14) to base 12
-77a2
Convert -2014 (base 5) to base 12.
-197
Convert 1111000000 (base 2) to base 15.
440
28b0 (base 13) to base 8
13401
What is -264 (base 14) in base 12?
-340
What is -10430 (base 5) in base 4?
-23210
-21211 (base 5) to base 12
-9b3
Convert 13a1a (base 13) to base 8.
110001
b97 (base 13) to base 11
1543
What is -c9b (base 13) in bas